t q(g) = -17*g**2 - 2*g + 1. Determine q(m).
-18
Let j(o) = -o - 1. Let c be (-2 + -2 + 1)*(-2)/(-6). Let b(k) be the third derivative of -k**6/30 - k**4/24 + 2*k**2. Let n be b(c). Give j(n).
-6
Let s(x) = 2*x**2 - 9*x - 9. Let y(u) = -u**2 + u - 1. Let w(c) = -s(c) + 3*y(c). Let d(h) = -6*h**2 + 13*h + 5. Let i(k) = -4*d(k) + 5*w(k). Determine i(8).
10
Let x be ((-4)/5)/(2/(-20)). Suppose -3*l = l + x. Let a(m) be the first derivative of 3*m**2 - 2*m - 9. Determine a(l).
-14
Suppose -1 = 5*r + 3*n + 18, 4*n = 5*r - 2. Let d(p) be the second derivative of -p**3/6 - p**2/2 + 15*p. Calculate d(r).
1
Suppose -29*k - 19 = -77. Let u(f) be the second derivative of 0 - 6*f - 1/6*f**3 + 0*f**k. Determine u(-6).
6
Let d(l) = -3*l**3 + 3*l**2 - 2*l - 1. Let m be -2 - (-3 - (-6 + 7)). Give d(m).
-17
Let i(a) be the third derivative of -a**6/20 + a**5/60 - a**4/24 - a**3/6 - a**2. Suppose -4*v + 60 + 33 = 5*p, 48 = 2*p - 2*v. Let x = p + -22. Calculate i(x).
7
Let s = 2643 - 2665. Let p(l) = -l**2 - 20*l + 46. Give p(s).
2
Let s(x) = 15*x**2 - 2 + x**3 - 18*x**2 - x + 4*x**2. Calculate s(2).
8
Let b(i) = -3*i**3 + 3*i**2 - 5*i - 6. Let x(w) = -7*w**3 + 5*w**2 - 11*w - 13. Let k(v) = 9*b(v) - 4*x(v). Suppose -2*a + 0*a - 14 = 0. Determine k(a).
5
Suppose -s - 4*x - 2 - 4 = 0, -5*s - 5*x - 105 = 0. Let b be 12/(-78) - 186/s. Let v(i) = i + 6. Determine v(b).
13
Let g(n) = 2*n + 5. Let t be -6 + -1 - (-1 + 2). Let i = t - -13. What is g(i)?
15
Let q(y) = y**3 + 2*y**2 + y + 4. Let h be q(-2). Suppose h*v + 22 = 28. Let z(t) = 3*t**2 - t**2 - 6*t**2 - 5*t - t**v - 2*t**2. Determine z(-5).
0
Let f(j) = -j**2 - 5*j + 2. Let s = 375 + -381. Give f(s).
-4
Suppose 4*u = -2*q, 28*q - 23*q + u = -9. Let h(f) = -f + 1. Determine h(q).
3
Suppose -3*g + 40 = -26. Let h = g - 7. Suppose 4*z - h = z. Let a(t) = t - 5. What is a(z)?
0
Let d = -231 - -240. Let y(h) = 7 + 3*h**2 - 3 - h**3 + 2*h - 5*h. Let c(g) = 4*g**3 - 13*g**2 + 13*g - 15. Let f(q) = d*y(q) + 2*c(q). Determine f(0).
6
Let f(h) = -2*h**2 + h**3 + 7*h**2 + h + 3 + 1. Let m = -36 - -38. Suppose -2*a + 25 = -5*z, -25 = z + 4*z + m*a. Give f(z).
-1
Let j(c) = 15*c**2 + 11*c + 16. Let n(s) = -10*s**2 - 7*s - 10. Let p(v) = 5*j(v) + 8*n(v). Let u = -4 + 3. Determine p(u).
-4
Let p(g) = g + 8. Let u be 3*-10 + (-24)/(-8). Let z = u - -15. Let n be z/30 + 2/5. Calculate p(n).
8
Let o(l) be the third derivative of -l**4/24 + l**3/6 - 7*l**2. Let f = 9 - 3. Let m be ((-1)/(-2))/(1/f). Calculate o(m).
-2
Let f = -5 + -4. Let k(l) = -l**2 - 9*l + 2. Let u be k(f). Let y(h) = h - 4*h - 1 + 4*h. Calculate y(u).
1
Suppose 6*j = -5*f + 3*j + 11, -2*f + 3*j = 4. Let c(m) = 2*m - 1. Give c(f).
1
Let d(l) = -l + 1. Let g(t) be the second derivative of t**3/2 - 7*t**2/2 + 3*t. Let b(r) = -2*d(r) - g(r). Give b(-4).
9
Suppose -x + 5*k - 25 = 20, 4*k = -x. Let u = x + 22. Suppose u*c - 1 = -3. Let s(a) = 15*a**3 + a**2 + a + 1. Determine s(c).
-14
Let a(s) be the first derivative of -s**4/2 - s**3 - 2*s**2 - 5*s + 538. Determine a(-2).
7
Let d = 3 - 2. Suppose 28*c = 25*c. Let l(k) = 2*k**2 + c*k**2 - 1 + k**2 - k**2. What is l(d)?
1
Suppose 52*o = 56*o + 12. Let x(g) be the third derivative of -g**6/120 - g**5/20 + g**4/24 - g**3/3 - g**2. Determine x(o).
-5
Let w(m) = 3*m**2 + 2*m. Suppose -16 = -8*z + 4*z. Let i(s) = -s + 2. Let a be i(z). Calculate w(a).
8
Let i(u) = -u + 4. Suppose 4*g + 3*g + 14 = 0. Let p be 9*g/(-2) - (81 - 80). Calculate i(p).
-4
Let m(u) = u**2 + 8*u + 3. Let r = -16 - 17. Let p = 27 + r. What is m(p)?
-9
Let h(u) = u**3 - 5*u**2 - 2*u + 1. Let z = -33 - -22. Let c = z - -16. What is h(c)?
-9
Let s(d) = -d**2 - 4*d + 5. Let x = 979 + -984. What is s(x)?
0
Let j(n) = -n**2 + 9*n + 15. Let z(y) = -y**2 - 36*y - 57. Let x be z(-34). Determine j(x).
-7
Let x(u) be the second derivative of -3/2*u**2 - 1/3*u**3 + 2*u + 0. Calculate x(-3).
3
Suppose 4*k + 53 = 5*q, -q - 37 = -6*q - 4*k. Let v(a) = q - 14 - 5*a + 8. Give v(3).
-12
Let s(j) = -j**3 + j**2 + j. Let z(u) be the second derivative of -u**5/4 + 3*u**4/4 - u**3/2 + 5*u**2/2 + u. Let y(w) = -4*s(w) + z(w). Give y(4).
-7
Let p(n) be the first derivative of 5*n**2 - 3*n**2 - 5*n**2 + 2*n + 2*n**2 + 6. What is p(-3)?
8
Let s(q) be the first derivative of -q**2 + 7*q + 2. Let f(c) = 3*c - 14. Let h(l) = -3*f(l) - 5*s(l). Determine h(0).
7
Let x = 7567 + -7564. Let g(h) be the third derivative of h**6/120 - h**5/20 - h**4/8 - 2*h**3/3 + h**2. Calculate g(x).
-13
Let j(h) = 2*h**2 + 24*h + 43. Let f be j(-10). Let w(k) = -k**3 + 2*k**2 + 2*k + 4. What is w(f)?
1
Let p(s) = 21*s**3 - 2*s**2 - 2*s - 1. Let m be p(-1). Let t = -20 - m. Let q(r) = 2*r**2 - 4*r + 2. Give q(t).
2
Let d = 25 - 30. Let s(z) be the second derivative of -5/2*z**2 - 1/6*z**3 - 2*z + 0. Give s(d).
0
Let q(v) be the third derivative of -11*v**4/24 - v**3/6 - 4*v**2. Let i = -8 - -8. Suppose i = h - 3*z - 10, -4*z - 15 = -3*h. Calculate q(h).
-12
Let n(r) be the second derivative of r**5/20 - r**4/2 + 2*r**3/3 + 3*r**2/2 - 2*r - 37. Give n(5).
-2
Let n(w) = -3 + 4*w + 5 - 1 - 4*w**2. Let f(s) = 5*s**2 - 4*s. Let l(i) = -3*f(i) - 4*n(i). Let h(g) = -g**3 + 16*g**2 - 53*g - 16. Let a be h(11). Give l(a).
8
Let l = 7 + -3. Suppose -q + 6*q = 3*v - 1, -12 = -v + l*q. Let a(h) = -h**3 - 7*h**2 + 7*h + 2. Determine a(v).
10
Let m(o) be the third derivative of -1/24*o**4 + 2*o**2 + 1/120*o**6 + 0*o + 0 - 1/60*o**5 + 1/2*o**3. Suppose -7*w = 3*w + w. Give m(w).
3
Let k be -1*(3/5 + (-22)/33). Let v(w) be the third derivative of 5*w**2 + 0*w**4 + k*w**5 - 1/3*w**3 + 0*w + 1/120*w**6 + 0. Give v(-3).
7
Let q(u) be the third derivative of -u**6/120 + 2*u**5/15 - u**4/3 + 7*u**3/6 + 20*u**2 + 1. Suppose 0 = -4*p + 2*p + 14. Calculate q(p).
0
Let m(p) = 3*p - 7. Let q be m(5). Let n be (3 - 5) + q/(-2). Let z(x) = 5 - 10*x + 2*x + x**2 + 15*x. Determine z(n).
-1
Let n(k) = -k - 8. Let z(h) = 2*h + 16. Let s(t) = -9*n(t) - 4*z(t). Suppose 0 = d + l - 4, 13 = 2*d - 3*l - 5. Let a be (-2)/((-5)/((-75)/d)). Calculate s(a).
3
Let c = 21 - 25. Let h(w) be the first derivative of w**4/4 + 5*w**3/3 + 5*w**2/2 + 4. Calculate h(c).
-4
Let w(g) be the third derivative of -g**6/720 - g**5/120 + g**4/3 - 2*g**2. Let p(d) be the second derivative of w(d). Determine p(3).
-4
Let i be -2 - (2 - 2 - -2). Let c be (-1)/((-2)/i - 0). Let u(g) = -g**2 - 9*g + 9. Let v(b) = -2*b**2 - 22*b + 20. Let l(a) = -7*u(a) + 3*v(a). Determine l(c).
7
Let t(y) be the second derivative of 23*y + 1/12*y**4 + 0 + 2*y**2 + 0*y**3. Give t(0).
4
Let q(o) = -3*o - 8. Suppose 0 = -5*l - 3*y + 52, 3*l - 3*y + 0 = 12. Determine q(l).
-32
Let l(j) be the third derivative of 2*j + 1/120*j**6 + 3/8*j**4 - 1/3*j**3 + 0 + 18*j**2 - 1/6*j**5. Determine l(9).
-2
Suppose -35 = 3*q - 14. Let o(v) = -10*v**2 - 24*v + 1. Let h(j) = -7*j**2 - 16*j + 1. Let u(y) = q*h(y) + 5*o(y). Determine u(-7).
5
Let v(q) = -2*q - 4. Let p(m) = -m**2 + 33*m - 171. Let u be p(6). Give v(u).
14
Let h(s) = 2*s - 2. Let z = 18 - 16. Calculate h(z).
2
Let s = 12501/20 - 625. Let o(w) be the second derivative of w**2 - 1/3*w**3 + 0 + 1/4*w**4 - s*w**5 - 7*w. Calculate o(3).
-4
Suppose -5*b = -5*i + 80, 3*i = 4*b + 27 + 35. Let f = -9 - b. Let y(q) = -256*q + 512*q - 254*q. What is y(f)?
10
Let i(h) be the third derivative of -1/2*h**3 + 4*h**2 + 0*h + 0 + 1/12*h**4. Calculate i(2).
1
Let g(b) be the second derivative of b**3/6 + 3*b**2 - 12*b. Determine g(3).
9
Let j(c) be the first derivative of c**4/4 - 3*c**3 + 9*c**2 - 7*c - 351. Give j(6).
-7
Let x(d) be the second derivative of d**4/12 - 7*d**3/6 - 3*d**2/2 - 140*d + 1. Give x(6).
-9
Let u(g) = -10*g + 19. Let z(i) = 12*i - 21. Let a(t) = -4*u(t) - 3*z(t). What is a(4)?
3
Let w(n) = -n**3 + 14*n**2 + 5. Let s(v) = -3*v**2 + 91*v + 76. Let l be s(31). Determine w(l).
5
Let k be 18*(1 - (-4)/(-6)). Let m = k + -2. Let s(o) = 2 - 1 - 5*o + o**2 - 3. Give s(m).
-6
Let s(f) be the third derivative of -5*f**4/24 + f**3/2 + 2*f**2. Let i be (56/(-35))/(4/(-10)). Suppose i*h - 2 - 10 = 0. What is s(h)?
-12
Let o(j) = j**3 - 3*j**2 + 1. Suppose -3*r + 0 + 15 = 0. Let f(k) = k**3 - 3*k**2 + 1. Let q(y) = r*f(y) - 6*o(y). Suppose -4 - 4 = -4*i. Give q(i).
3
Let z(w) = -4*w - 3. Let o be ((-25)/10)/5 + (-34)/(-4). Suppos